s + 1. Let c(a) = 27*a - 5. Let r(n) = -c(n) - 4*q(n). Determine r(1).
-22
Let v(l) = l**3 + 50*l**2 - 110*l - 319. Let f be v(-52). Let t(a) = -8*a - 30. What is t(f)?
26
Let k(z) = -7*z - 8. Let b(s) = -3*s - 4. Let c(x) = 5*b(x) - 2*k(x). Let h be 8 - (0 + 1 - 1). Suppose 0 = -h*p + 9*p. What is c(p)?
-4
Suppose 0 = j - 3*h + 2*h - 4, -4*h - 4 = 0. Let r(f) be the first derivative of 3/2*f**2 + 1/3*f**3 + 8 + j*f. Determine r(-4).
7
Let n = 0 - 2. Let z(b) = 2*b + 3. Let q = 16 - 28. Let c(u) = u + 1. Let h(v) = q*c(v) + 4*z(v). Give h(n).
8
Let i = -54 - -54. Let o(b) = -b**2 + 10. Determine o(i).
10
Suppose 3*g + t + 3 = -2*t, 5*t + 5 = -4*g. Let f(z) = 3 + g*z + z - 7 + 5*z. Suppose 0 = 2*c + c - 9. Give f(c).
14
Let q(a) be the second derivative of a**4/6 - 3*a**3/2 + a**2/2 + 13*a. Suppose 0 = 4*d - 2*l - 22, 5*l - 29 = -5*d + 6. Determine q(d).
19
Let b = 23 - 21. Suppose h - b*v + 0*v = -6, 0 = -3*v. Let y(o) = -o**3 - 5*o**2 + 7*o + 7. Calculate y(h).
1
Suppose 22 = 12*v - 38. Let i(n) = n**3 - 6*n**2 + 6*n - 3. Determine i(v).
2
Let o be -2*45/72*4. Let v(k) = 3*k + 21. Calculate v(o).
6
Let r(w) = w - 9. Suppose -5*t - 50 = -5*q, q + t = -3*t - 10. Let a = 7 - 12. Let b be (15/q)/a*-8. Determine r(b).
-5
Let z(p) = 2*p**2 - 8*p - 7. Let t(w) = -3*w**2 + 12*w + 10. Let b(s) = -5*t(s) - 7*z(s). Let m(o) = -4*o - 24. Let l = 14 + -21. Let j be m(l). Determine b(j).
-1
Suppose o + 3*d = 4*d + 4, -2*o + 23 = -5*d. Let c(g) = -6*g + 1. What is c(o)?
7
Let d = 1 + 2. Let z(f) = -f**2 + 3*f - 1. Let m(c) = -c**2 + 3*c - 2. Let r(p) = p - 28. Let v be r(22). Let t(l) = v*z(l) + 5*m(l). What is t(d)?
-4
Let d(i) be the first derivative of -3*i**2/2 + i + 85. Give d(-4).
13
Let g(t) be the second derivative of t**5/20 - t**4/12 + t**3/6 - t**2/2 - 2*t. Let a(z) = -12 + 9*z + 10*z + 3 - 18*z. Let m be a(9). Calculate g(m).
-1
Let k(b) = 401*b**2 - 4*b - 388*b**2 + 6*b - b**3 - 6. Determine k(13).
20
Let h(j) = j**2 + j + 1. Suppose -4 = -4*p + 3*x + 1, 3*x = -p + 20. Suppose -p*z + z = -16. Suppose z*i - 3*i = 0. Determine h(i).
1
Let i be ((-2)/2)/((-8)/(-48)). Let a(t) = -t**2 + 5*t + 15. Let d be a(8). Let h be (d/i)/((-3)/(-4)). Let v(r) = r**2 - 2*r - 2. What is v(h)?
-2
Let y(i) = -27*i - 14. Let f(t) = -24*t - 13. Let v(o) = 7*f(o) - 6*y(o). Calculate v(4).
-31
Let t(x) = 8*x - 13. Let j be (70/(-5) + 7)/(3 - 4). Calculate t(j).
43
Let p(h) = 9 + 8 + 9 + 2*h - 11. Determine p(-9).
-3
Let k(j) be the first derivative of -j**2/2 + 7*j - 1. Let o = 8836 + -8830. Calculate k(o).
1
Let z(y) be the third derivative of -y**6/60 - y**5/30 - y**3/6 + 38*y**2 - 4. Give z(-2).
7
Suppose 0 = o + 5*i - 16, -17 = 4*i - 29. Let g(z) be the second derivative of -4*z**3/3 - 2*z. Determine g(o).
-8
Let t = -10 - -10. Let n(r) = t*r + 2*r + 2*r - r + 3. Calculate n(-2).
-3
Let m(u) = 16*u + 1. Let j be (-3 + (-28)/(-4))/4. What is m(j)?
17
Let j = 10 - 11. Let h(f) be the second derivative of 0 + 1/12*f**4 + 3/20*f**5 - 1/2*f**2 + 10*f + 0*f**3. What is h(j)?
-3
Suppose -112*a = -74*a. Let b(j) be the third derivative of -j**4/24 - 5*j**3/3 + 2*j**2. Calculate b(a).
-10
Let d(t) be the first derivative of -1/3*t**3 - t - 1/2*t**2 + 15. Give d(2).
-7
Let o(k) = -2*k**3 - 2*k + 3. Let i = -42 + 74. Suppose -40*a = -3*a - 1258. Let v = a - i. Calculate o(v).
-17
Let i(k) = -4*k**2 + 45*k - 45. Let a be i(1). Let c(x) = x**3 + 7*x**2 + 14*x + 5. Give c(a).
-3
Let r(s) = -s**2 - 5*s - 4. Let k(f) = -f + 5. Let t(z) = -z**2 - 5*z. Let n be t(-5). Let m be k(n). Suppose 0 = m*a + 20. Calculate r(a).
0
Let x(c) be the second derivative of -c**5/20 - c**4/12 - c**2/2 - 112*c + 2. Let j = 2 - 2. Give x(j).
-1
Let c(f) = -f**3 + 11*f**2 + 7*f - 2. Let m be c(-1). Let s(q) be the third derivative of 0 + 1/60*q**5 - 1/2*q**3 + m*q**2 + 0*q + 1/8*q**4. What is s(-5)?
7
Let o(t) = 3*t**3 + t**2 + t - 2. Let b be o(1). Let f be 4/(-4)*-9 - b. Let z(w) = -w + 8. Give z(f).
2
Let x(m) = m**2 + 1. Let v = -49 - -82. Let d be (v/(-22))/(2/((-16)/(-6))). Give x(d).
5
Let o = -11 + 14. Let m be (-2)/o - (-2)/(-6). Let j(b) = 3*b - 1. What is j(m)?
-4
Let u(v) = -16*v + 1. Let l(k) = -18*k + 1. Let h(w) = 2*l(w) - 3*u(w). Give h(-1).
-13
Let h(t) = 3*t**2 - 9*t - 3. Let r(o) = -2*o**2 + 4*o + 1. Let f(v) = 3*h(v) + 5*r(v). Suppose 4*z - 5*s + 23 = 0, 2*z - 5*z + 4*s - 17 = 0. Give f(z).
-4
Let m = -10 - -5. Let l(a) = 2*a + 5. Let q(b) = -2*b - 5. Let w(s) = m*l(s) - 6*q(s). Calculate w(-4).
-3
Let u(k) = -10*k - 4. Let c(b) = 29*b + 11. Let q(v) = 3*c(v) + 8*u(v). Calculate q(-2).
-13
Let y(g) = -6*g**2 + 4. Let f(v) = -6*v**2 - v + 6. Let h(l) = 3*f(l) - 4*y(l). What is h(2)?
20
Suppose -3*d - 12 = -4*o, o + 3*d + 12 = -0*o. Let y(x) = -4*x**2 + 3*x**2 - 3 + 2*x**2 - 4 + x. Give y(o).
-7
Let f(s) = s**3 - s - 4. Let n(j) = j**2 + 4*j + 3. Let h be n(-3). Determine f(h).
-4
Let v(f) = 9*f + 1. Let x(s) = -s**3 + 2*s**2 + 3*s - 1. Suppose 3*b - 11 = 10. Let c be (9 - b)*(-6)/(-4). Let h be x(c). Calculate v(h).
-8
Let j(m) = 14*m + 25 - 11*m**2 - 42 + 5*m**2 + 5*m**2. Give j(12).
7
Let k(s) = -774 + s + 774. Let d be ((-2)/3)/((-2)/(-6)). Calculate k(d).
-2
Let c = -66 + 58. Let p = -13 - c. Let r(q) = q + 7. Calculate r(p).
2
Suppose -21*c + 5 = -20*c. Let s(t) be the second derivative of -t**4/12 + t**3/2 + t**2 - 5*t. Determine s(c).
-8
Let r(c) = 7*c**2 - 12*c - 9. Let x(b) = 20*b**2 - 36*b - 26. Let q(a) = -17*r(a) + 6*x(a). Determine q(12).
-3
Let x(w) = -2*w - 5. Let d be x(-4). Let s(y) = -4*y + d*y + 2*y. Let q be -1 + 8/4 - 0. Determine s(q).
1
Let f(z) = z**3 + 14*z**2 - 2*z - 22. Let h be f(-14). Let q(w) = w**3 - 7*w**2 + 7*w - 8. Give q(h).
-2
Let s(q) = q**3 - 10*q**2 + 7*q + 13. Suppose 30 = 3*b - 3*m, -15 - 7 = -3*b - 5*m. Let x be s(b). Let d(g) = 2*g - 1. Give d(x).
-11
Let w(k) = -k - 3*k + 1 + 9*k. Let x(z) be the third derivative of -z**6/120 + z**5/15 - z**4/6 + z**3/3 - 2*z**2. Let q be x(2). Determine w(q).
11
Let v(y) = 3*y + 9. Let j be 28/(-8) + (-2)/(-4). Let f(p) = -2*p - 5. Let k(x) = j*v(x) - 5*f(x). Calculate k(2).
0
Suppose -8*h + 3 = -7*h. Let r = 0 - h. Let y(w) = -w**2 + 3. Calculate y(r).
-6
Let o(y) = -22*y + 12649*y**2 - 3 + 0 - 12651*y**2. What is o(-11)?
-3
Suppose t - 13 = -4. Let r(y) = 8*y - 3 - 2*y**3 - 2*y**3 + t*y**2 + 3*y**3 + 2*y**3. Suppose -3*i - 2*n - 30 = n, 4*n - 8 = 2*i. Give r(i).
-3
Suppose 0*q + 2*q - 2*k - 10 = 0, -4*q + 5*k = -17. Let g be 7/28 + (-10)/q. Let n(o) = 2*o**2 + o - 3*o**3 + 4*o**3 + 0*o**3. Give n(g).
0
Let g(j) = -3*j**2 - 16*j + 14. Let x(f) = -10*f**2 - 49*f + 38. Let r(u) = 7*g(u) - 2*x(u). Calculate r(-15).
7
Let k be 1/4 - (-105)/60. Let m(c) = 3*c**2 + 0 + 13*c**k - 1. Calculate m(1).
15
Let o = 93 - 65. Suppose 4 - o = -4*q. Let j(d) = 2*d - 3. Give j(q).
9
Suppose -75*q + 79*q = -4. Let t(l) = 6*l**3 - l**2 - l. Determine t(q).
-6
Let z be (18/12)/((-6)/(-28)). Let q(a) = z*a + 9 + 0 - 4. Let t(v) = 7*v + 4. Let w(g) = -5*q(g) + 6*t(g). Calculate w(-1).
-8
Suppose 2*m - 2*v = 8, 4*m + 5 = -4*v + 21. Let o(w) = -w**3 + 4*w**2 + 13*w - 3. Let y be o(6). Let u(j) = -j + 0 - m + 6 - y. What is u(-4)?
3
Let m(c) = -11*c - 240. Let j(f) = -2*f - 37. Let b(y) = 13*j(y) - 2*m(y). Let o be 1/(-2)*(10 - 2). Determine b(o).
15
Let b(t) be the first derivative of 7*t**3/3 + t**2/2 + 171. Give b(2).
30
Let f(m) = m**3 + m - 4. Let x be f(0). Let k(s) = 3*s**2 + 2*s + 3. Let y(w) = 2*w**2 + 3*w + 2. Let p(l) = x*y(l) + 3*k(l). What is p(6)?
1
Let z(f) = f**3 + 7*f**2 + 9*f + 15. Let i = 1207 - 1213. What is z(i)?
-3
Let s(r) = -r**3 - 2*r**2 - 2*r + 1. Suppose 0 = -2*y - 0*y + 8. Suppose 2*o + y - 36 = 0. Suppose 0 = -o*m + 13*m - 9. Give s(m).
16
Let n(p) = -p**3 + 4*p**2 + 4*p + 6. Let s(a) = 5 - a**3 + 0*a**3 - 278*a + 268*a + 11*a**2. Let k be s(10). Give n(k).
1
Let s(r) = -25 + 4 + 244*r - 5 - 247*r. Determine s(-12).
10
Let i(b) = 9*b**2 + 17*b. Let t = -86 - -75. Let x(p) = 5*p**2 + 9*p. Let z(d) = t*x(d) + 6*i(d). Calculate z(4).
-4
Let p(t) = 18 - 12 + 2*t**2 - 9*t - 4*t**2 + 3*t**2. Determine p(7).
-8
Let r(m) = -m**2 - 7*m + 15. Let w(i) = -i - 1. Let z(f) = -r(f) - 3*w(f). Let p be z(-11). Let s(t) = -3*t - 1. What is s(p)?
2
Let i(z) = -7*z**3 - 4*z**2 - 4*z - 3. Let p be i(-2). Suppose 7*